the greatest common divisor of 64 and p.
8
Let i(g) = -2*g**3 - 4*g**2 - 2*g + 4. Let o be i(-4). Let h = o - 50. What is the greatest common divisor of 208 and h?
26
Suppose 0*b + 12 = 4*b. Suppose 5*s = -b*q + 84, 5*s - 48 = s + 4*q. Let x = s + -6. Calculate the greatest common factor of 9 and x.
9
Suppose 0 = -2*j - 3 - 7. Let p be -1 - (j - (5 + -2)). Let k = p - -3. What is the greatest common factor of 4 and k?
2
Let p = -69 + 105. Let v(c) = -2*c**2 - 5*c - 1. Let o be v(-5). Let s = 50 + o. What is the highest common divisor of p and s?
12
Suppose -5*v - 4 = -14. Let k be 10 + -3 - v/(-1). Suppose -h - 2*h = -k. What is the highest common divisor of h and 2?
1
Let n(r) = -2*r + 2. Let m be n(-5). Let v(y) = y**2 - y - 8. Let f be v(-7). What is the highest common factor of f and m?
12
Let i(z) = 16*z - 16. Let v be i(2). Suppose -r + 5*n + 1 = 2*n, 5*r + n - 21 = 0. What is the highest common divisor of r and v?
4
Let c be 8/(-3)*36/(-24). Calculate the greatest common factor of c and 8.
4
Let x = 1 - -1. Suppose 82 = 5*w + 22. Suppose -j = -x*j + w. Calculate the greatest common factor of 6 and j.
6
Suppose 4*s + 15 - 81 = -3*p, 0 = 4*p - 8. Calculate the greatest common factor of s and 5.
5
Suppose -4*l = -19 + 3. Let j(i) = 2*i - 6. Let z be j(l). Suppose -z*t - 4*g = -28, 6 = 2*t - g - 7. What is the highest common divisor of t and 32?
8
Suppose 0*m + 5*m - 4 = -2*i, -4*i - 10 = m. Suppose -m*c + 5*r + 213 = 0, -c + 135 = r + 11. Calculate the highest common factor of 17 and c.
17
Suppose 12*r = 7*r + 30. Calculate the highest common divisor of 3 and r.
3
Let p(w) = w**3 + 10*w**2 + 10*w + 12. Let q be p(-9). Let k be ((-1)/2)/(q/96). Let z = k - -46. Calculate the highest common divisor of z and 45.
15
Let v be 0 + -2 - -1*9. Let j = 0 + 52. Suppose -3*g = -v*g + j. Calculate the highest common factor of g and 104.
13
Let q(p) = -3*p**3 + 16*p**2 - 4*p + 9. Let n be q(5). Calculate the greatest common divisor of 28 and n.
14
Let n be (-30)/8 + 1/(-4). Let o be n/(-6)*27/6. Calculate the highest common divisor of o and 3.
3
Suppose 116 = -5*l - 44. Let i = l - -46. Calculate the highest common factor of i and 112.
14
Let p(h) = -22*h - 1. Let x be p(-7). Suppose -r + 2*t - 28 = r, -3*t - 9 = 0. Let u be (r/3)/(2/(-6)). What is the highest common divisor of u and x?
17
Let t(i) = 4*i**2 - 3*i**2 + i**2 - 5*i - i**2 + 8. Let z be t(13). What is the greatest common divisor of z and 14?
14
Let i(w) = w**3 + 2*w**2 - 2*w - 5. Let r be i(4). Let s = -29 + r. Calculate the highest common factor of 9 and s.
9
Let y(d) = -5*d + 1. Let k be y(-5). Suppose -4*i + 1 + k = o, -2*o + i = -27. Calculate the highest common divisor of o and 10.
5
Let z(j) = 2*j + 3. Let f be z(3). Calculate the greatest common divisor of f and 9.
9
Let x = -2 - -4. Suppose 56 = w - x*i, -3*w - 2*i + 190 = 54. Suppose 0 = -3*c - 4*d + 40, 4*c - 4*d - 56 = c. Calculate the greatest common divisor of c and w.
16
Let v be (4 + -2)/(2/36). Suppose -2*j = -j - 5. Suppose j*u + 0*u - 60 = 0. Calculate the highest common divisor of u and v.
12
Suppose s + 2*q - 11 = 3*q, 46 = 4*s - 3*q. Suppose r = 2*t + 138 - 19, -5*r + 2*t + 587 = 0. What is the greatest common divisor of r and s?
13
Let c be 36/8 + 2/(-4). Suppose 2*x = c*x. Suppose x = v - 8 + 1. What is the greatest common divisor of v and 56?
7
Suppose t + 4*z - 14 = 0, 4*t + z - 26 - 15 = 0. Calculate the highest common divisor of t and 20.
10
Let u(o) = 3*o**2 + 4*o + 4. Let q be u(-2). What is the greatest common divisor of 8 and q?
8
Let k be ((-32)/(-1))/((-2)/(-2)). Suppose 0 = -a - 3*b - 9 + k, 4*a - 5*b - 160 = 0. Suppose -t + 6*t - a = 0. Calculate the highest common divisor of 7 and t.
7
Suppose 3*i + 4*t = 5*i + 108, 188 = -4*i + t. Let f = 206 + -124. Let v = f + i. Calculate the highest common divisor of 24 and v.
12
Suppose 0 = -i + 5*i - 56. Let a(f) = f**3 - f**2 - f + 42. Let d be a(0). Suppose -2*k = k - d. Calculate the highest common divisor of i and k.
14
Suppose 0 = -2*f - 0*f + 2. Let v = f + 4. Suppose 2*s = v*y + 53, 4*s = 2*y - y + 97. What is the greatest common factor of 8 and s?
8
Let o be (-10)/4 - (-1)/(-2). Let d = 6 + o. Suppose u - 5*q - 10 = 3*u, 5*q + 35 = d*u. What is the greatest common divisor of 35 and u?
5
Let f = -1 - -7. Let g(v) = 2*v**2 + 4*v - 4. Let j be g(f). Suppose -3*a = 4*k - j, 3*a + 3 = -5*k + 100. Calculate the greatest common factor of a and 8.
8
Suppose 2*u - 68 = -t, 2*u - 6*t + t - 92 = 0. Suppose -2*h + h = 2*k - 94, -h + k = -88. What is the highest common divisor of h and u?
18
Let p = 2 + 1. Suppose v + 8 = p*h - 8, -4*v = 3*h + 4. What is the highest common divisor of 36 and h?
4
Suppose 2*o + 12 = -4*s, 3*s = 3*o + o - 31. Calculate the greatest common factor of 8 and o.
4
Let f(v) = 3*v + 1. Let g be f(5). Calculate the highest common divisor of 32 and g.
16
Let t = -68 - -107. What is the greatest common divisor of 65 and t?
13
Let h be -1 + (-1)/(3/(-72)). What is the greatest common factor of 46 and h?
23
Let b be (-2)/(-2) + 5 + -3. Let c be (-18)/(b/((-9)/2)). What is the highest common divisor of 3 and c?
3
Suppose 3 = 2*p - 15. Let k(g) = -9*g**3 - 3*g**2 - g + 1. Let x be k(-2). Let a be x + -2 + 0 + 2. Calculate the highest common factor of a and p.
9
Suppose -3*f + 6 = 0, -5*t + 2*f + 84 = 18. Calculate the greatest common factor of t and 2.
2
Suppose c - 3*c = 2. Let h = c + 4. Suppose -6*u + h*u + 19 = -2*b, -4*u + 5*b + 16 = 0. What is the greatest common factor of u and 81?
9
Suppose -4*k = 2*k - 126. Calculate the greatest common divisor of k and 21.
21
Suppose -2*x - 1 - 1 = 0. Let d be (-14)/4*x*4. Let h = 255 - 157. Calculate the greatest common divisor of d and h.
14
Let o be 0 - 32/(-2) - -2. Suppose -5*z - 2*u + 0*u = -o, 2*u = z + 6. Calculate the highest common factor of 14 and z.
2
Suppose -2*w = 2*o - 28, 23 + 3 = o - 5*w. What is the highest common factor of 144 and o?
16
Suppose -4*b + 0*b + 440 = 0. Calculate the highest common factor of 20 and b.
10
Let x = -80 + 135. What is the highest common divisor of 5 and x?
5
Suppose -g - 5*o + 4*o = -21, -4*o = 5*g - 100. Let q be (-1)/(-2)*1760/g. Calculate the greatest common divisor of q and 11.
11
Let z = 132 + -92. Let h = 99 - z. Let i = h - 35. What is the highest common divisor of i and 12?
12
Suppose -4*g + 6 = -d + 14, g + 8 = d. Suppose 0 = 4*c - 0*c - d. Calculate the greatest common divisor of c and 2.
2
Let s be 52/3 + 12/18. Let j = -15 + s. Calculate the greatest common factor of j and 9.
3
Let a = -29 + 38. What is the highest common factor of a and 72?
9
Let t(k) = -51*k**2 + 0 - 3 + 54*k**2. Let w be t(-2). Calculate the highest common factor of 9 and w.
9
Let t = 8 - 5. Let g(l) = 34*l - 4. Let q be g(t). Calculate the highest common divisor of 14 and q.
14
Let c(y) = 2*y**2 - y - 1. Let z be c(3). Let a be (-12)/42 + 46/z. Suppose 99 + 36 = 5*l. Calculate the highest common factor of l and a.
3
Let y(s) = -s**2 + 10*s - 11. Let u be y(6). What is the highest common factor of 26 and u?
13
Suppose g - 3*u = 2*u + 10, 0 = g - 2*u - 10. Calculate the greatest common divisor of g and 60.
10
Let t = 35 + -21. What is the greatest common divisor of 7 and t?
7
Let c = -1 - -3. Suppose 3*s + s = -4*m - 12, -3*m + s = -11. Suppose -m - 40 = -c*f. What is the highest common divisor of f and 3?
3
Suppose p - 2*p = -53. Suppose 2*b - p = 3. What is the greatest common divisor of b and 84?
28
Let y be 36 + (-1 + 2)*1. Suppose z - 4*i = 395, -4*z + i + 4*i = -1613. What is the greatest common divisor of y and z?
37
Let c = 26 - 10. Calculate the greatest common divisor of 24 and c.
8
Let s be 3/7 + (-180)/(-21). Let w = 11 - -4. Suppose -4*a = -9 - w. What is the highest common divisor of s and a?
3
Suppose -h + 0*h = -3. Suppose -g = -2*a + 3*g - 12, h*g - 10 = a. Suppose -5*d = -a*d - 30. What is the highest common divisor of d and 10?
10
Suppose -3*k + 2*a = -30, -2*k + a = 4*a - 33. Calculate the greatest common factor of k and 36.
12
Suppose 3*g - 21 = -6. Calculate the highest common divisor of 20 and g.
5
Suppose -3*x - 12 = 0, -i = -0*i - x + 57. Let h = -29 - i. Calculate the highest common factor of 4 and h.
4
Let k = -8 - -33. Let n(h) = -63*h - 1. Let t be n(